{"id":4987,"date":"2019-01-10T18:30:09","date_gmt":"2019-01-10T17:30:09","guid":{"rendered":"http:\/\/foyersemmanuel.com\/la-roche-sur-yon\/?page_id=4987"},"modified":"2026-02-09T15:59:49","modified_gmt":"2026-02-09T14:59:49","slug":"foyer-sainte-therese","status":"publish","type":"page","link":"https:\/\/foyersemmanuel.com\/la-roche-sur-yon\/","title":{"rendered":"Foyer Sainte Th\u00e9r\u00e8se"},"content":{"rendered":"<div id=\"pl-4987\"  class=\"panel-layout\" ><div id=\"pg-4987-0\"  class=\"panel-grid panel-has-style\" ><div class=\"panel-row-style panel-row-style-for-4987-0\" ><div id=\"pgc-4987-0-0\"  class=\"panel-grid-cell\" ><div id=\"panel-4987-0-0-0\" class=\"so-panel widget widget_sow-editor panel-first-child panel-last-child\" data-index=\"0\" ><div\n\t\t\t\n\t\t\tclass=\"so-widget-sow-editor so-widget-sow-editor-base\"\n\t\t\t\n\t\t>\n<div class=\"siteorigin-widget-tinymce textwidget\">\n\t<h6 class=\"light-blue\" style=\"text-align: center\">FOYER SAINTE TH\u00c9R\u00c8SE<\/h6>\n<h2 style=\"text-align: center\">Le Foyer d'\u00e9tudiants de l'ICES - Institut Catholique de Vend\u00e9e<\/h2>\n<\/div>\n<\/div><\/div><\/div><\/div><\/div><div id=\"pg-4987-1\"  class=\"panel-grid panel-has-style\" ><div class=\"panel-row-style panel-row-style-for-4987-1\" ><div id=\"pgc-4987-1-0\"  class=\"panel-grid-cell panel-grid-cell-empty\" ><\/div><div id=\"pgc-4987-1-1\"  class=\"panel-grid-cell panel-grid-cell-mobile-last\" ><div id=\"panel-4987-1-1-0\" class=\"so-panel widget widget_sow-editor panel-first-child panel-last-child\" data-index=\"1\" ><div\n\t\t\t\n\t\t\tclass=\"so-widget-sow-editor so-widget-sow-editor-base\"\n\t\t\t\n\t\t>\n<div class=\"siteorigin-widget-tinymce textwidget\">\n\t<p><iframe loading=\"lazy\" title=\"Pr\u00e9sentation du Foyer Sainte Th\u00e9r\u00e8se\" width=\"640\" height=\"360\" src=\"https:\/\/www.youtube.com\/embed\/EOO_jh93Htk?feature=oembed\" frameborder=\"0\" allow=\"accelerometer; autoplay; clipboard-write; encrypted-media; gyroscope; picture-in-picture; web-share\" referrerpolicy=\"strict-origin-when-cross-origin\" allowfullscreen><\/iframe><\/p>\n<\/div>\n<\/div><\/div><\/div><div id=\"pgc-4987-1-2\"  class=\"panel-grid-cell panel-grid-cell-empty\" ><\/div><\/div><\/div><div id=\"pg-4987-2\"  class=\"panel-grid panel-has-style\" ><div class=\"panel-row-style panel-row-style-for-4987-2\" ><div id=\"pgc-4987-2-0\"  class=\"panel-grid-cell panel-grid-cell-empty\" ><\/div><div id=\"pgc-4987-2-1\"  class=\"panel-grid-cell\" ><div id=\"panel-4987-2-1-0\" class=\"so-panel widget widget_sow-editor panel-first-child panel-last-child\" data-index=\"2\" ><div\n\t\t\t\n\t\t\tclass=\"so-widget-sow-editor so-widget-sow-editor-base\"\n\t\t\t\n\t\t>\n<div class=\"siteorigin-widget-tinymce textwidget\">\n\t<h2 style=\"text-align: justify\"><span style=\"color: #e8b61e\">Ou ? <\/span><\/h2>\n<p style=\"text-align: justify\">En\u00a0<strong>Vend\u00e9e<\/strong>\u00a0bien s\u00fbr!<\/p>\n<p style=\"text-align: justify\">Foyer mixte situ\u00e9 \u00e0 deux pas de l\u2019ICES, le foyer est id\u00e9alement plac\u00e9 pour r\u00e9ussir ses \u00e9tudes en toute s\u00e9r\u00e9nit\u00e9.<\/p>\n<p style=\"text-align: justify\"><em>21 rue Luneau<\/em><\/p>\n<p style=\"text-align: justify\"><em>85000 La Roche sur Yon<\/em><\/p>\n<p style=\"text-align: justify\">43 chambres sont disponibles, chaque chambre fait 25m2 environ et dispose d\u2019un toilette et d\u2019une salle de bain.<\/p>\n<\/div>\n<\/div><\/div><\/div><div id=\"pgc-4987-2-2\"  class=\"panel-grid-cell\" ><div id=\"panel-4987-2-2-0\" class=\"so-panel widget widget_sow-editor panel-first-child\" data-index=\"3\" ><div\n\t\t\t\n\t\t\tclass=\"so-widget-sow-editor so-widget-sow-editor-base\"\n\t\t\t\n\t\t>\n<div class=\"siteorigin-widget-tinymce textwidget\">\n\t<h2 style=\"text-align: justify\"><span style=\"color: #e8b61e\">Comment t'inscrire ?<\/span><\/h2>\n<p style=\"text-align: justify\"><strong>Ou plut\u00f4t \u2026 Pourquoi ?<\/strong><\/p>\n<p style=\"text-align: justify\">Une Charte de Vie est soumise \u00e0 acceptation des r\u00e9sidents pour permettre \u00e0 chacun de veiller au Bien de tous, d\u2019\u00eatre acteurs et gardiens des meilleures conditions de vie, de travail et de croissance spirituelle pour soi et pour tous ses camarades. Grandir dans la fid\u00e9lit\u00e9 \u00e0 son devoir d\u2019\u00e9tat, dans la charit\u00e9 fraternelle et dans l\u2019amour du Christ et de l\u2019Eglise.<\/p>\n<p style=\"text-align: justify\">Tu peux te (pr\u00e9)inscrire maintenant si tu veux \u00eatre challeng\u00e9, si tu veux te d\u00e9passer, aller plus loin, plus profond dans tes \u00e9tudes, dans tes amiti\u00e9s, dans ta recherche de Dieu.<\/p>\n<p style=\"text-align: justify\">Un petit clic, l\u00e0, sur ce gros bouton\u00a0bleu !<\/p>\n<\/div>\n<\/div><\/div><div id=\"panel-4987-2-2-1\" class=\"so-panel widget widget_sow-button panel-last-child\" data-index=\"4\" ><div\n\t\t\t\n\t\t\tclass=\"so-widget-sow-button so-widget-sow-button-flat-900e3ea18e3c-4987\"\n\t\t\t\n\t\t><div class=\"ow-button-base ow-button-align-center\"\n>\n\t\t\t<a\n\t\t\t\t\thref=\"https:\/\/foyersemmanuel.com\/\/la-roche-sur-yon\/inscription\/\"\n\t\t\t\t\tclass=\"sowb-button ow-icon-placement-left\" target=\"_blank\" rel=\"noopener noreferrer\" \t>\n\t\t<span>\n\t\t\t\n\t\t\tJe m'inscris\t\t<\/span>\n\t\t\t<\/a>\n\t<\/div>\n<\/div><\/div><\/div><div id=\"pgc-4987-2-3\"  class=\"panel-grid-cell panel-grid-cell-mobile-last\" ><div id=\"panel-4987-2-3-0\" class=\"so-panel widget widget_sow-editor panel-first-child panel-last-child\" data-index=\"5\" ><div\n\t\t\t\n\t\t\tclass=\"so-widget-sow-editor so-widget-sow-editor-base\"\n\t\t\t\n\t\t>\n<div class=\"siteorigin-widget-tinymce textwidget\">\n\t<h2 style=\"text-align: justify\"><span style=\"color: #e8b61e\">Le loyer ?<\/span><\/h2>\n<p><strong>5250 \u20ac l\u2019ann\u00e9e :<br \/>\n<\/strong>(10 mensualit\u00e9s de 525 \u20ac)<\/p>\n<p style=\"text-align: justify\">Dans le prix du loyer sont compris:<\/p>\n<ul style=\"text-align: justify\">\n<li>Internet (1 prise ethernet dans chaque chambre, 5 points d\u2019acc\u00e8s wifi dans les espaces communs)<\/li>\n<li>L\u2019acc\u00e8s \u00e0 la laverie<\/li>\n<li>L\u2019acc\u00e8s aux cuisines \u00e9quip\u00e9es (sauf po\u00eales et casseroles)<\/li>\n<li>Du\u00a0pain frais livr\u00e9 chaque matin pour le\u00a0petit-d\u00e9jeuner.<\/li>\n<\/ul>\n<p style=\"text-align: justify\">* Le foyer est \u00e9ligible \u00e0 l\u2019aide au logement.<\/p>\n<p style=\"text-align: justify\">* Une caution de 350\u20ac est demand\u00e9e.<\/p>\n<\/div>\n<\/div><\/div><\/div><div id=\"pgc-4987-2-4\"  class=\"panel-grid-cell panel-grid-cell-empty\" ><\/div><\/div><\/div><div id=\"pg-4987-3\"  class=\"panel-grid panel-has-style\" ><div class=\"panel-row-style panel-row-style-for-4987-3\" ><div id=\"pgc-4987-3-0\"  class=\"panel-grid-cell panel-grid-cell-empty\" ><\/div><div id=\"pgc-4987-3-1\"  class=\"panel-grid-cell panel-grid-cell-mobile-last\" ><div id=\"panel-4987-3-1-0\" class=\"so-panel widget widget_sow-editor panel-first-child panel-last-child\" data-index=\"6\" ><div\n\t\t\t\n\t\t\tclass=\"so-widget-sow-editor so-widget-sow-editor-base\"\n\t\t\t\n\t\t>\n<div class=\"siteorigin-widget-tinymce textwidget\">\n\t<h2 style=\"text-align: justify\"><strong>Les plus du foyer<\/strong><\/h2>\n<p style=\"text-align: justify\">Un jardin, trois salles de travail, acc\u00e8s permanent \u00e0 la chapelle, un piano, laves-linge et s\u00e8ches-linge, 5 points d\u2019acc\u00e8s \u00e0 internet en wifi, un \u00a0garage \u00e0 v\u00e9lo, etc\u2026 Le tout \u00e0 proximit\u00e9 des commerces dans une ambiance fraternelle.<\/p>\n<p style=\"text-align: justify\">Un aum\u00f4nier et un couple r\u00e9sident sur place et sont disponibles pour les jeunes.<\/p>\n<ul>\n<li>Plus qu'un logement, c'est un projet de vie que l'on choisit pour une ann\u00e9e.<\/li>\n<li><strong>Chaque semaine<\/strong> : une soir\u00e9e- foyer, une messe, des services. 3 weekends.<\/li>\n<li style=\"text-align: justify\">Un engagement sur 10 mois est demand\u00e9 de septembre \u00e0 juin<\/li>\n<li style=\"text-align: justify\">Il est obligatoire\u00a0d\u2019\u00e9tudier \u00e0\u00a0<a href=\"http:\/\/www.ices.fr\/\">l\u2019ICES<\/a>\u00a0pour int\u00e9grer le Foyer<\/li>\n<\/ul>\n<\/div>\n<\/div><\/div><\/div><div id=\"pgc-4987-3-2\"  class=\"panel-grid-cell panel-grid-cell-empty\" ><\/div><\/div><\/div><div id=\"pg-4987-4\"  class=\"panel-grid panel-has-style\" ><div class=\"panel-row-style panel-row-style-for-4987-4\" ><div id=\"pgc-4987-4-0\"  class=\"panel-grid-cell panel-grid-cell-empty\" ><\/div><div id=\"pgc-4987-4-1\"  class=\"panel-grid-cell\" ><div id=\"panel-4987-4-1-0\" class=\"so-panel widget widget_sow-editor panel-first-child panel-last-child\" data-index=\"7\" ><div\n\t\t\t\n\t\t\tclass=\"so-widget-sow-editor so-widget-sow-editor-base\"\n\t\t\t\n\t\t>\n<div class=\"siteorigin-widget-tinymce textwidget\">\n\t<h4><span style=\"color: #ffffff\">Tu veux \u00eatre challeng\u00e9, te d\u00e9passer, aller plus loin, plus profond dans tes \u00e9tudes, dans tes amiti\u00e9s, dans ta recherche de Dieu ?<\/span><\/h4>\n<\/div>\n<\/div><\/div><\/div><div id=\"pgc-4987-4-2\"  class=\"panel-grid-cell panel-grid-cell-mobile-last\" ><div id=\"panel-4987-4-2-0\" class=\"so-panel widget widget_sow-button panel-first-child panel-last-child\" data-index=\"8\" ><div\n\t\t\t\n\t\t\tclass=\"so-widget-sow-button so-widget-sow-button-flat-900e3ea18e3c-4987\"\n\t\t\t\n\t\t><div class=\"ow-button-base ow-button-align-center\"\n>\n\t\t\t<a\n\t\t\t\t\thref=\"https:\/\/foyersemmanuel.com\/\/la-roche-sur-yon\/inscription\/\"\n\t\t\t\t\tclass=\"sowb-button ow-icon-placement-left\" target=\"_blank\" rel=\"noopener noreferrer\" \t>\n\t\t<span>\n\t\t\t\n\t\t\tJe m'inscris\t\t<\/span>\n\t\t\t<\/a>\n\t<\/div>\n<\/div><\/div><\/div><div id=\"pgc-4987-4-3\"  class=\"panel-grid-cell panel-grid-cell-empty\" ><\/div><\/div><\/div><div id=\"pg-4987-5\"  class=\"panel-grid panel-has-style\" ><div class=\"panel-row-style panel-row-style-for-4987-5\" ><div id=\"pgc-4987-5-0\"  class=\"panel-grid-cell\" ><div id=\"panel-4987-5-0-0\" class=\"so-panel widget widget_sow-editor panel-first-child panel-last-child\" data-index=\"9\" ><div\n\t\t\t\n\t\t\tclass=\"so-widget-sow-editor so-widget-sow-editor-base\"\n\t\t\t\n\t\t>\n<div class=\"siteorigin-widget-tinymce textwidget\">\n\t<h6 class=\"light-blue\" style=\"text-align: center\">POUR VENIR AU FOYER<\/h6>\n<h2 style=\"text-align: center\">Comment se passe l'inscription ?<\/h2>\n<\/div>\n<\/div><\/div><\/div><\/div><\/div><div id=\"pg-4987-6\"  class=\"panel-grid panel-has-style\" ><div class=\"panel-row-style panel-row-style-for-4987-6\" ><div id=\"pgc-4987-6-0\"  class=\"panel-grid-cell panel-grid-cell-empty\" ><\/div><div id=\"pgc-4987-6-1\"  class=\"panel-grid-cell\" ><div id=\"panel-4987-6-1-0\" class=\"so-panel widget widget_sow-editor panel-first-child panel-last-child\" data-index=\"10\" ><div\n\t\t\t\n\t\t\tclass=\"so-widget-sow-editor so-widget-sow-editor-base\"\n\t\t\t\n\t\t>\n<div class=\"siteorigin-widget-tinymce textwidget\">\n\t<h4 style=\"text-align: center\">Pr\u00e9-inscription<\/h4>\n<p style=\"text-align: center\">Tu renseignes le formulaire de pr\u00e9-inscription avec s\u00e9rieux et exactitude.<\/p>\n<p style=\"text-align: center\">Tu donnes tes disponibilit\u00e9s pour venir \u00e0 une journ\u00e9e d'immersion au foyer<\/p>\n<p style=\"text-align: center\">(dans l'ordre de pr\u00e9f\u00e9rence)<\/p>\n<\/div>\n<\/div><\/div><\/div><div id=\"pgc-4987-6-2\"  class=\"panel-grid-cell\" ><div id=\"panel-4987-6-2-0\" class=\"so-panel widget widget_sow-editor panel-first-child panel-last-child\" data-index=\"11\" ><div\n\t\t\t\n\t\t\tclass=\"so-widget-sow-editor so-widget-sow-editor-base\"\n\t\t\t\n\t\t>\n<div class=\"siteorigin-widget-tinymce textwidget\">\n\t<h4 style=\"text-align: center\">Journ\u00e9e au foyer ET entretien<\/h4>\n<p style=\"text-align: center\">Tu passeras une <strong>journ\u00e9e d'immersion<\/strong> (de 10h30 \u00e0 15h30) au Foyer pour d\u00e9couvrir le projet, les lieux, et rencontrer les responsables du foyer au cours d'un <strong>entretien individuel<\/strong> apr\u00e8s un d\u00e9jeuner partag\u00e9.<\/p>\n<p>Des entretiens en visio ne sont pas pr\u00e9vus (sauf cas particuliers).<\/p>\n<p>Des frais de candidature de 30\u20ac seront \u00e0 r\u00e9gler<\/p>\n<\/div>\n<\/div><\/div><\/div><div id=\"pgc-4987-6-3\"  class=\"panel-grid-cell\" ><div id=\"panel-4987-6-3-0\" class=\"so-panel widget widget_sow-editor panel-first-child panel-last-child\" data-index=\"12\" ><div\n\t\t\t\n\t\t\tclass=\"so-widget-sow-editor so-widget-sow-editor-base\"\n\t\t\t\n\t\t>\n<div class=\"siteorigin-widget-tinymce textwidget\">\n\t<h4 style=\"text-align: center\">Phase de discernement personnel<\/h4>\n<p style=\"text-align: center\">A l'issue de ce rendez-vous tu prendras le temps de relire la charte de vie du foyer pour bien discerner le projet de vie avant de confirmer (ou non) ton souhait de venir au foyer.<\/p>\n<p style=\"text-align: center\">Tu renverras donc une lettre de motivation pour le foyer.<\/p>\n<\/div>\n<\/div><\/div><\/div><div id=\"pgc-4987-6-4\"  class=\"panel-grid-cell\" ><div id=\"panel-4987-6-4-0\" class=\"so-panel widget widget_sow-editor panel-first-child panel-last-child\" data-index=\"13\" ><div\n\t\t\t\n\t\t\tclass=\"so-widget-sow-editor so-widget-sow-editor-base\"\n\t\t\t\n\t\t>\n<div class=\"siteorigin-widget-tinymce textwidget\">\n\t<h4 style=\"text-align: center\">Contrats &amp; documents<\/h4>\n<p style=\"text-align: center\">Apr\u00e8s acceptation de ta candidature, tu enverras tes documents compl\u00e9t\u00e9s pour finaliser ta d\u00e9marche.<\/p>\n<p style=\"text-align: center\">Acceptation des candidatures d\u00e9but mai pour les premiers candidats<\/p>\n<p style=\"text-align: center\">Cette \u00e9tape g\u00e9n\u00e8re des frais de dossier non remboursables de 200\u20ac.<\/p>\n<\/div>\n<\/div><\/div><\/div><div id=\"pgc-4987-6-5\"  class=\"panel-grid-cell\" ><div id=\"panel-4987-6-5-0\" class=\"so-panel widget widget_sow-editor panel-first-child panel-last-child\" data-index=\"14\" ><div\n\t\t\t\n\t\t\tclass=\"so-widget-sow-editor so-widget-sow-editor-base\"\n\t\t\t\n\t\t>\n<div class=\"siteorigin-widget-tinymce textwidget\">\n\t<h4 style=\"text-align: center\">Arriv\u00e9e au foyer<\/h4>\n<p style=\"text-align: center\">Ensuite te voil\u00e0 pr\u00eat \u00e0 int\u00e9grer le foyer et \u00e0 retrouver les autres \u00e9tudiants pour cette nouvelle ann\u00e9e !<\/p>\n<\/div>\n<\/div><\/div><\/div><\/div><\/div><div id=\"pg-4987-7\"  class=\"panel-grid panel-has-style\" ><div class=\"panel-row-style panel-row-style-for-4987-7\" ><div id=\"pgc-4987-7-0\"  class=\"panel-grid-cell panel-grid-cell-empty\" ><\/div><div id=\"pgc-4987-7-1\"  class=\"panel-grid-cell\" ><div id=\"panel-4987-7-1-0\" class=\"so-panel widget widget_sow-editor panel-first-child panel-last-child\" data-index=\"15\" ><div\n\t\t\t\n\t\t\tclass=\"so-widget-sow-editor so-widget-sow-editor-base\"\n\t\t\t\n\t\t>\n<div class=\"siteorigin-widget-tinymce textwidget\">\n\t<h4><span style=\"color: #ffffff\">Tu veux \u00eatre challeng\u00e9, te d\u00e9passer, aller plus loin, plus profond dans tes \u00e9tudes, dans tes amiti\u00e9s, dans ta recherche de Dieu ?<\/span><\/h4>\n<\/div>\n<\/div><\/div><\/div><div id=\"pgc-4987-7-2\"  class=\"panel-grid-cell panel-grid-cell-mobile-last\" ><div id=\"panel-4987-7-2-0\" class=\"so-panel widget widget_sow-button panel-first-child panel-last-child\" data-index=\"16\" ><div\n\t\t\t\n\t\t\tclass=\"so-widget-sow-button so-widget-sow-button-flat-900e3ea18e3c-4987\"\n\t\t\t\n\t\t><div class=\"ow-button-base ow-button-align-center\"\n>\n\t\t\t<a\n\t\t\t\t\thref=\"https:\/\/foyersemmanuel.com\/\/la-roche-sur-yon\/inscription\/\"\n\t\t\t\t\tclass=\"sowb-button ow-icon-placement-left\" target=\"_blank\" rel=\"noopener noreferrer\" \t>\n\t\t<span>\n\t\t\t\n\t\t\tJe m'inscris\t\t<\/span>\n\t\t\t<\/a>\n\t<\/div>\n<\/div><\/div><\/div><div id=\"pgc-4987-7-3\"  class=\"panel-grid-cell panel-grid-cell-empty\" ><\/div><\/div><\/div><\/div>","protected":false},"excerpt":{"rendered":"<p>FOYER SAINTE TH\u00c9R\u00c8SE Le Foyer d&rsquo;\u00e9tudiants de l&rsquo;ICES &#8211; Institut Catholique de Vend\u00e9e<\/p>\n","protected":false},"author":1,"featured_media":0,"parent":0,"menu_order":0,"comment_status":"closed","ping_status":"closed","template":"page-bord-bord.php","meta":{"_acf_changed":false,"footnotes":""},"class_list":["post-4987","page","type-page","status-publish","hentry"],"acf":[],"_links":{"self":[{"href":"https:\/\/foyersemmanuel.com\/la-roche-sur-yon\/wp-json\/wp\/v2\/pages\/4987","targetHints":{"allow":["GET"]}}],"collection":[{"href":"https:\/\/foyersemmanuel.com\/la-roche-sur-yon\/wp-json\/wp\/v2\/pages"}],"about":[{"href":"https:\/\/foyersemmanuel.com\/la-roche-sur-yon\/wp-json\/wp\/v2\/types\/page"}],"author":[{"embeddable":true,"href":"https:\/\/foyersemmanuel.com\/la-roche-sur-yon\/wp-json\/wp\/v2\/users\/1"}],"replies":[{"embeddable":true,"href":"https:\/\/foyersemmanuel.com\/la-roche-sur-yon\/wp-json\/wp\/v2\/comments?post=4987"}],"version-history":[{"count":4,"href":"https:\/\/foyersemmanuel.com\/la-roche-sur-yon\/wp-json\/wp\/v2\/pages\/4987\/revisions"}],"predecessor-version":[{"id":14905,"href":"https:\/\/foyersemmanuel.com\/la-roche-sur-yon\/wp-json\/wp\/v2\/pages\/4987\/revisions\/14905"}],"wp:attachment":[{"href":"https:\/\/foyersemmanuel.com\/la-roche-sur-yon\/wp-json\/wp\/v2\/media?parent=4987"}],"curies":[{"name":"wp","href":"https:\/\/api.w.org\/{rel}","templated":true}]}}