{"id":2,"date":"2022-07-29T09:44:51","date_gmt":"2022-07-29T07:44:51","guid":{"rendered":"https:\/\/foyersemmanuel.com\/marseille\/?page_id=2"},"modified":"2022-07-29T10:07:50","modified_gmt":"2022-07-29T08:07:50","slug":"accueil","status":"publish","type":"page","link":"https:\/\/foyersemmanuel.com\/marseille\/","title":{"rendered":"Accueil"},"content":{"rendered":"\r\n<p style=\"text-align: center;\"><strong>Les plus du foyer<\/strong><\/p>\r\n<p style=\"text-align: center;\">acc\u00e8s par l\u2019int\u00e9rieur \u00e0 l\u2019\u00e9glise avec la pr\u00e9sence r\u00e9elle du Seigneur. Cuisine \u00e9quip\u00e9e, lave-linge. Station Lev\u00e9lo et TRAM\/Metro \u00e0 proximit\u00e9, commerces vari\u00e9s. Ambiance fraternelle, suivi personnalis\u00e9, weeks-ends de coh\u00e9sion\u2026.<\/p>\r\n","protected":false},"excerpt":{"rendered":"<p>Les plus du foyer acc\u00e8s par l\u2019int\u00e9rieur \u00e0 l\u2019\u00e9glise avec la pr\u00e9sence r\u00e9elle du Seigneur. Cuisine \u00e9quip\u00e9e, lave-linge. Station Lev\u00e9lo et TRAM\/Metro \u00e0 proximit\u00e9, commerces vari\u00e9s. Ambiance fraternelle, suivi personnalis\u00e9, [&hellip;]<\/p>\n","protected":false},"author":101014,"featured_media":0,"parent":0,"menu_order":0,"comment_status":"closed","ping_status":"closed","template":"page-home-foyers.php","meta":{"_acf_changed":false,"footnotes":""},"class_list":["post-2","page","type-page","status-publish","hentry"],"acf":[],"_links":{"self":[{"href":"https:\/\/foyersemmanuel.com\/marseille\/wp-json\/wp\/v2\/pages\/2","targetHints":{"allow":["GET"]}}],"collection":[{"href":"https:\/\/foyersemmanuel.com\/marseille\/wp-json\/wp\/v2\/pages"}],"about":[{"href":"https:\/\/foyersemmanuel.com\/marseille\/wp-json\/wp\/v2\/types\/page"}],"author":[{"embeddable":true,"href":"https:\/\/foyersemmanuel.com\/marseille\/wp-json\/wp\/v2\/users\/101014"}],"replies":[{"embeddable":true,"href":"https:\/\/foyersemmanuel.com\/marseille\/wp-json\/wp\/v2\/comments?post=2"}],"version-history":[{"count":3,"href":"https:\/\/foyersemmanuel.com\/marseille\/wp-json\/wp\/v2\/pages\/2\/revisions"}],"predecessor-version":[{"id":20,"href":"https:\/\/foyersemmanuel.com\/marseille\/wp-json\/wp\/v2\/pages\/2\/revisions\/20"}],"wp:attachment":[{"href":"https:\/\/foyersemmanuel.com\/marseille\/wp-json\/wp\/v2\/media?parent=2"}],"curies":[{"name":"wp","href":"https:\/\/api.w.org\/{rel}","templated":true}]}}

<p style="text-align: center;"><strong>Les plus du foyer</strong></p>
<p style="text-align: center;">accès par l’intérieur à l’église avec la présence réelle du Seigneur. Cuisine équipée, lave-linge. Station Levélo et TRAM/Metro à proximité, commerces variés. Ambiance fraternelle, suivi personnalisé, weeks-ends de cohésion….</p>

<p>Les plus du foyer accès par l’intérieur à l’église avec la présence réelle du Seigneur. Cuisine équipée, lave-linge. Station Levélo et TRAM/Metro à proximité, commerces variés. Ambiance fraternelle, suivi personnalisé, [&hellip;]</p>
